rs of x?
2, 3, 5
Let v = 59 + -53. Suppose 5*h + 9 = 2*o, 2*h + 4 = -3*o + v*h. Let f = 129 - o. What are the prime factors of f?
137
Suppose 56109 = 24*p - 21*p + 5*i, i - 3 = 0. List the prime factors of p.
2, 9349
Let v = 137 - 597. Let s = 679 + v. Suppose 0*x = -2*x - z + 215, -3*z - s = -2*x. What are the prime factors of x?
2, 3
Suppose 2*j + 2*h = 5*j - 3855, -5140 = -4*j - 2*h. Let i(w) = -10*w**3 + 3*w - 3. Let m be i(2). What are the prime factors of (-14)/m - j/(-11)?
3, 13
Suppose -2*s = -3 + 159. Let y = s + 110. List the prime factors of y.
2
Suppose -4*g = 3*x - 22843, -129*g = -131*g + 8. What are the prime factors of x?
7, 1087
Suppose 5*n + 6*h = 3*h + 10, -4*n - 5*h = 5. Suppose -m = 4*y - 35, -n*m + 14 = -3*y - 230. Let v = -31 + m. List the prime factors of v.
2
Suppose 46*q - 368397 - 33812 - 386231 = 0. List the prime factors of q.
2, 5, 857
Let h be 13 - (-2 - (-25)/5). Let b = h - 10. Suppose b = s - 35 - 41. List the prime factors of s.
2, 19
Let s = -294 + 298. What are the prime factors of 1545/s + 2*11/(-88)?
2, 193
Let y(m) = -42*m - 11. Let r be y(-10). Suppose -o + 13 = 303. Let g = r + o. List the prime factors of g.
7, 17
Suppose 5*b + 16 + 14 = 0. What are the prime factors of 8514/63 - b/7?
2, 17
Let p(t) = t**3 - 2*t**2 - 4*t + 5. Let d be p(3). Suppose 134 + 872 = -d*y. Let r = -261 - y. List the prime factors of r.
2, 11
Let k(w) = -55*w - 1. Let d(z) be the third derivative of z**3/6 - z**2. Let v(n) = 6*d(n) + 3*k(n). List the prime factors of v(-1).
2, 3, 7
What are the prime factors of 498224*(-2)/(-15) - (-16 + (-2142)/(-135))?
2, 5, 7, 13, 73
Let y = 314 - 185. Let s = y - 91. Let z = 19 + s. What are the prime factors of z?
3, 19
What are the prime factors of 5/(36/108 + (-6512)/19554)?
5, 3259
Let p(k) = 22*k - 102. Let x(i) = -i**2 - 9*i + 13. Let n be x(-6). List the prime factors of p(n).
2, 5, 29
Let f = -465 - -463. Let c(r) be the second derivative of -3*r**3/2 + 5*r**2/2 - 2*r. List the prime factors of c(f).
23
Suppose -110*c + 146341 + 42529 = 0. List the prime factors of c.
17, 101
Suppose -61*t + 198371 + 223342 = 13196. What are the prime factors of t?
37, 181
Let p(b) = b**2 - 14*b - 15. Let g be p(15). Let m = 17 + g. Let c(u) = u**2 - 17*u + 3. What are the prime factors of c(m)?
3
Let q(r) = -2*r**2 + 13*r - 31. Let i be q(5). List the prime factors of i/8 + -1 + 63 - 0.
2, 3, 5
Suppose -t = 7*m - 10164, 74*m = 5*t + 69*m - 50700. What are the prime factors of t?
3, 7, 23
Let s(v) = 45*v**2 + 2*v - 1. Let o be s(2). Let p = 125 + o. Suppose -p = 5*a - 9*a. What are the prime factors of a?
7, 11
Suppose 54*b - 4308501 = 27*b - 60*b. List the prime factors of b.
49523
Suppose -2*w + c + 1862 = 0, -170*c - 2800 = -3*w - 165*c. What are the prime factors of w?
2, 3, 5, 31
Let w = 20 + -21. Let x be w*1 - (-368)/2. Suppose 0 = -2*o - o + x. What are the prime factors of o?
61
Suppose -116 = -17*w - 12*w. Suppose -h + 2*v + 245 = 0, h - 2*h + 243 = -w*v. List the prime factors of h.
13, 19
Suppose -17*x - 509619 = 21*x - 2012633. List the prime factors of x.
37, 1069
Suppose -19 = -6*t - 13. Let l be 3 - t - (1 + 34)/(-1). Suppose 3*i - 2 = l. What are the prime factors of i?
13
Suppose 28 = -4*o, 2*i = 5*o + 41424 + 23435. List the prime factors of i.
2, 3, 37, 73
Let c be -3*(2 + (-24)/9). Suppose -3*q + c = -2*q. What are the prime factors of ((-3488)/24*(-6)/4)/q?
109
Let k(b) = -b**3 + 52*b**2 + 105*b + 545. What are the prime factors of k(47)?
5, 661
Suppose 39*z + 174199 - 646255 = 0. What are the prime factors of z?
2, 17, 89
Let t(p) = 16*p. Let l = -18 + 22. Let k be 7*(l/8 + -1)*-2. List the prime factors of t(k).
2, 7
Suppose 0 = 3*h - 6 - 9. Let z(r) = -2*r**2 - 2*r - 12. Let m be z(h). Let y = -51 - m. What are the prime factors of y?
3, 7
Suppose 0 = -10*m + 15*m - 15. Suppose -m*b = 4*b - 140. List the prime factors of -1 - (2 + -6*b).
3, 13
Suppose 0 = 16*l - 13*l - 4*p - 22412, 3*p = -15. List the prime factors of l.
2, 3, 311
Let u be -47997*9/(-459) - 4/34. Let m = u + -630. What are the prime factors of m?
311
Suppose 3*w + w = 32. Let o(u) = -14*u - 1. Let y be o(w). Let d = 116 - y. List the prime factors of d.
229
Let l = 5970 - 3466. List the prime factors of l.
2, 313
Let c be (-2)/(-8)*1 - 315/(-180). Let p be 0 - c/(4/318). Let r = -52 - p. What are the prime factors of r?
107
List the prime factors of (-4312)/55*(-105)/(-20)*-10.
2, 3, 7
Let h(i) = 7*i + 17. Let n be h(-1). Suppose -12 = -4*z, 527 = -n*d + 11*d + 5*z. What are the prime factors of d?
2
Suppose 5*c - 1152 = 2*c. Let s be (13/((-195)/(-18)))/((-12)/(-40)). Suppose 0 = -s*l + 10*l - c. List the prime factors of l.
2
Let f(l) = 23*l + 1. Let m be f(-1). Let i = m - -19. List the prime factors of (i - -4)/(4/12).
3
Suppose m - 1244 = -3*p, 3*m - 3701 = 5*p + 115. List the prime factors of m.
2, 631
Let x(n) = 36*n**2 - 46*n - 267. List the prime factors of x(-7).
17, 107
Let y(s) = -915*s + 1142. What are the prime factors of y(-7)?
7547
Suppose 7*i - 27 - 176 = 0. Suppose 4*t - 43 = i. Let y = 36 - t. List the prime factors of y.
2, 3
Suppose -4*x = -0*x - 32. Suppose 0 = 6*w - x - 10. Suppose p = -2*v + 106, w*p - p + 100 = 2*v. What are the prime factors of v?
2, 13
Let d = -13585 - -25799. List the prime factors of d.
2, 31, 197
Let b = 17 + -21. Let o(m) = m**3 - 5*m**2 - 11*m - 8. Let d be o(b). What are the prime factors of (-5964)/d - (-4)/(-18)?
5, 11
Suppose 0 = o + z + 395, -o + 3*z + 794 = -3*o. Let v = -571 - o. List the prime factors of ((-11)/2)/(6/v).
3, 5, 11
Let i(h) = 2*h**2 - 16*h + 75. Let q be i(21). Let z = q - 418. List the prime factors of z.
7, 29
Let b(f) be the second derivative of f**5/20 - f**4 - 2*f**3 - 9*f**2/2 + 14*f. Let d be b(13). List the prime factors of (d + 20/(-8))/((-1)/(-36)).
2, 3
Suppose 8*x - 987 = 317. Suppose -c + x = 27. Suppose -v + 99 = -c. List the prime factors of v.
5, 47
Let f(l) = 10*l - 14. Let i be f(2). Suppose -1776 = i*m - 8*m. What are the prime factors of m?
2, 3, 37
Suppose s = -2*c + 180, 3*s + 2*c + 540 = 6*s. Let a = s + -6. What are the prime factors of a?
2, 3, 29
Let w = 99709 + -69487. List the prime factors of w.
2, 3, 23, 73
Let a be (54/(-63))/(2/(-28)). Let q be 40/12*18/a. Suppose 0 = -q*n + 4*z + 239, 4*n + z - 184 = -3*z. What are the prime factors of n?
47
What are the prime factors of 233304*(-8)/(-4 + -260) + 4/22?
2, 5, 7, 101
Let q = 11 - 6. Suppose -q*b = -2*b. Suppose c + m - 27 - 5 = 0, b = 2*c - m - 67. List the prime factors of c.
3, 11
Let d(b) = b**3 + 4*b**2 - 4*b + 11. Let h be d(-5). Let j be (15/h)/(4/8). Suppose -3*s = 12, j*f - 124 - 56 = 5*s. What are the prime factors of f?
2
Let c be (-216)/3 + (-2 - -6). Let r = c + 101. Suppose -r - 78 = -a + 5*y, -2*y + 384 = 3*a. What are the prime factors of a?
2, 3, 7
Let z = 1950 + -1889. List the prime factors of z.
61
Let h(j) = 1230*j + 1979. List the prime factors of h(12).
19, 881
Suppose 0 = -4*p + 472 + 1512. Suppose 1072 = 8*i - p. Suppose 5*h + i = 7*h. List the prime factors of h.
2, 7
Let w = -2458 - -6280. What are the prime factors of w?
2, 3, 7, 13
Suppose -4*l - o = -7 - 3, -5*o = 4*l - 2. Suppose 0 = -l*t + 35 - 332. Let h = -9 - t. What are the prime factors of h?
2, 3, 5
Let b(y) = -93*y + 6. Let w(n) = -n**3 - 4*n**2 - n + 4. Let c be w(-3). Let x be b(c). Suppose 3*u + 3*u - x = 0. What are the prime factors of u?
2
Let q(h) = -4*h + 5 - 17 + 1 + 3*h**2. Let g be q(-5). Suppose g = i - 8. What are the prime factors of i?
2, 23
Let f be 3021 + -8 + 16 - -1. Suppose 4041 = 4*k + 5*x, -3*x = 2*k + k - f. What are the prime factors of k?
1009
Suppose 2167944 = 223*y - 891393. List the prime factors of y.
3, 17, 269
Let g(h) = -9*h + 25. Suppose 0 = -5*m + 4*f + 46, 3*m - 33 = 4*f + 1. Let r be g(m). What are the prime factors of (-5)/(-10) - r/2?
3, 5
List the prime factors of 9282/(-84)*(0 - -2 - 40).
13, 17, 19
Suppose 5*u = 1182 - 4192. Let y = 939 + u. What are the prime factors of y?
337
Suppose -3*d + 80 = 5*d. Let v(m) = m - 1. Let h(z) = -6*z + 16. Let b(i) = d*v(i) + 2*h(i). List the prime factors of b(-11).
2, 11
Suppose -301 - 307 = -4*i. What are the prime factors of (-6)/(-8) - (-4446)/i?
2, 3, 5
Let t = 276 + -187. Suppose 